{"id":791,"date":"2023-07-29T17:00:04","date_gmt":"2023-07-29T17:00:04","guid":{"rendered":"https:\/\/jordialbert.com\/?post_type=tribe_events&#038;p=791"},"modified":"2023-07-29T17:00:04","modified_gmt":"2023-07-29T17:00:04","slug":"talleres-de-pedagogia-de-la-musica-y-pedagogia-de-los-instrumentos-musicales","status":"publish","type":"tribe_events","link":"https:\/\/jordialbert.com\/es\/event\/talleres-de-pedagogia-de-la-musica-y-pedagogia-de-los-instrumentos-musicales\/","title":{"rendered":"Talleres de pedagog\u00eda de la m\u00fasica y pedagog\u00eda de los instrumentos musicales"},"content":{"rendered":"<p>En colaboraci\u00f3n con ENCLAVES Murcia se llevar\u00e1n a cabo dos talleres de pedagog\u00eda durante el d\u00eda 2 de agosto.<br \/>\nPor un lado, se realizar\u00e1 un taller de pedagog\u00eda del lenguaje musical, orientado a desarrollar herramientas para la clase de solfeo o la clase de m\u00fasica en educaci\u00f3n primaria y secundaria.<\/p>\n<p>Por otro lado, se llevar\u00e1 a cabo un taller orientado a profesores de instrumento en escuelas de m\u00fasica en los que se abordar\u00e1n teor\u00edas b\u00e1sicas del aprendizaje de los instrumentos musicales as\u00ed como un buen n\u00famero de herramientas metodol\u00f3gicas.<\/p>\n<p>20\u20ac para profesores de enclaves<\/p>\n<p>25\u20ac para profesores externos.<\/p>\n","protected":false},"excerpt":{"rendered":"<p>En colaboraci\u00f3n con ENCLAVES Murcia se llevar\u00e1n a cabo dos talleres de pedagog\u00eda durante el d\u00eda 2 de agosto. Por un lado, se realizar\u00e1 un taller de pedagog\u00eda del lenguaje [&hellip;]<\/p>\n","protected":false},"author":1,"featured_media":793,"template":"","meta":{"_genesis_hide_title":false,"_genesis_hide_breadcrumbs":false,"_genesis_hide_singular_image":false,"_genesis_hide_footer_widgets":false,"_genesis_custom_body_class":"","_genesis_custom_post_class":"","_genesis_layout":"","_tribe_events_status":"","_tribe_events_status_reason":"","footnotes":""},"tags":[],"tribe_events_cat":[],"class_list":["post-791","tribe_events","type-tribe_events","status-publish","has-post-thumbnail","entry"],"_links":{"self":[{"href":"https:\/\/jordialbert.com\/es\/wp-json\/wp\/v2\/tribe_events\/791","targetHints":{"allow":["GET"]}}],"collection":[{"href":"https:\/\/jordialbert.com\/es\/wp-json\/wp\/v2\/tribe_events"}],"about":[{"href":"https:\/\/jordialbert.com\/es\/wp-json\/wp\/v2\/types\/tribe_events"}],"author":[{"embeddable":true,"href":"https:\/\/jordialbert.com\/es\/wp-json\/wp\/v2\/users\/1"}],"version-history":[{"count":1,"href":"https:\/\/jordialbert.com\/es\/wp-json\/wp\/v2\/tribe_events\/791\/revisions"}],"predecessor-version":[{"id":795,"href":"https:\/\/jordialbert.com\/es\/wp-json\/wp\/v2\/tribe_events\/791\/revisions\/795"}],"wp:featuredmedia":[{"embeddable":true,"href":"https:\/\/jordialbert.com\/es\/wp-json\/wp\/v2\/media\/793"}],"wp:attachment":[{"href":"https:\/\/jordialbert.com\/es\/wp-json\/wp\/v2\/media?parent=791"}],"wp:term":[{"taxonomy":"post_tag","embeddable":true,"href":"https:\/\/jordialbert.com\/es\/wp-json\/wp\/v2\/tags?post=791"},{"taxonomy":"tribe_events_cat","embeddable":true,"href":"https:\/\/jordialbert.com\/es\/wp-json\/wp\/v2\/tribe_events_cat?post=791"}],"curies":[{"name":"wp","href":"https:\/\/api.w.org\/{rel}","templated":true}]}}

Talleres de pedagogía de la música y pedagogía de los instrumentos musicales

<p>En colaboración con ENCLAVES Murcia se llevarán a cabo dos talleres de pedagogía durante el día 2 de agosto.<br />
Por un lado, se realizará un taller de pedagogía del lenguaje musical, orientado a desarrollar herramientas para la clase de solfeo o la clase de música en educación primaria y secundaria.</p>
<p>Por otro lado, se llevará a cabo un taller orientado a profesores de instrumento en escuelas de música en los que se abordarán teorías básicas del aprendizaje de los instrumentos musicales así como un buen número de herramientas metodológicas.</p>
<p>20€ para profesores de enclaves</p>
<p>25€ para profesores externos.</p>

<p>En colaboración con ENCLAVES Murcia se llevarán a cabo dos talleres de pedagogía durante el día 2 de agosto. Por un lado, se realizará un taller de pedagogía del lenguaje [&hellip;]</p>
